{"id":512,"date":"2025-05-14T06:30:58","date_gmt":"2025-05-14T04:30:58","guid":{"rendered":"https:\/\/www.gardonslesmeubl.es\/?post_type=product&#038;p=512"},"modified":"2025-05-15T09:27:05","modified_gmt":"2025-05-15T07:27:05","slug":"magic-spiral-fruits-legumes","status":"publish","type":"product","link":"https:\/\/www.gardonslesmeubl.es\/?product=magic-spiral-fruits-legumes","title":{"rendered":"Magic Spiral fruits &#038; l\u00e9gumes"},"content":{"rendered":"<p>Appareil \u00e0 faire des spirales de fruits ou l\u00e9gumes<\/p>\n<p><img loading=\"lazy\" decoding=\"async\" class=\"alignnone size-medium wp-image-514\" src=\"https:\/\/www.gardonslesmeubl.es\/wp-content\/uploads\/2025\/05\/WhatsApp-Image-2025-05-13-at-19.21.03_51eb52d8-e1747197042457-300x155.jpg\" alt=\"\" width=\"300\" height=\"155\" srcset=\"https:\/\/www.gardonslesmeubl.es\/wp-content\/uploads\/2025\/05\/WhatsApp-Image-2025-05-13-at-19.21.03_51eb52d8-e1747197042457-300x155.jpg 300w, https:\/\/www.gardonslesmeubl.es\/wp-content\/uploads\/2025\/05\/WhatsApp-Image-2025-05-13-at-19.21.03_51eb52d8-e1747197042457-1024x530.jpg 1024w, https:\/\/www.gardonslesmeubl.es\/wp-content\/uploads\/2025\/05\/WhatsApp-Image-2025-05-13-at-19.21.03_51eb52d8-e1747197042457-768x398.jpg 768w, https:\/\/www.gardonslesmeubl.es\/wp-content\/uploads\/2025\/05\/WhatsApp-Image-2025-05-13-at-19.21.03_51eb52d8-e1747197042457-600x311.jpg 600w, https:\/\/www.gardonslesmeubl.es\/wp-content\/uploads\/2025\/05\/WhatsApp-Image-2025-05-13-at-19.21.03_51eb52d8-e1747197042457.jpg 1530w\" sizes=\"auto, (max-width: 300px) 100vw, 300px\" \/><\/p>\n","protected":false},"excerpt":{"rendered":"<p>Appareil \u00e0 faire des spirales de fruits ou l\u00e9gumes<\/p>\n","protected":false},"featured_media":513,"comment_status":"open","ping_status":"closed","template":"","meta":[],"product_brand":[],"product_cat":[21],"product_tag":[],"class_list":{"0":"post-512","1":"product","2":"type-product","3":"status-publish","4":"has-post-thumbnail","6":"product_cat-mamie-jojo","8":"first","9":"instock","10":"shipping-taxable","11":"product-type-simple"},"_links":{"self":[{"href":"https:\/\/www.gardonslesmeubl.es\/index.php?rest_route=\/wp\/v2\/product\/512","targetHints":{"allow":["GET"]}}],"collection":[{"href":"https:\/\/www.gardonslesmeubl.es\/index.php?rest_route=\/wp\/v2\/product"}],"about":[{"href":"https:\/\/www.gardonslesmeubl.es\/index.php?rest_route=\/wp\/v2\/types\/product"}],"replies":[{"embeddable":true,"href":"https:\/\/www.gardonslesmeubl.es\/index.php?rest_route=%2Fwp%2Fv2%2Fcomments&post=512"}],"wp:featuredmedia":[{"embeddable":true,"href":"https:\/\/www.gardonslesmeubl.es\/index.php?rest_route=\/wp\/v2\/media\/513"}],"wp:attachment":[{"href":"https:\/\/www.gardonslesmeubl.es\/index.php?rest_route=%2Fwp%2Fv2%2Fmedia&parent=512"}],"wp:term":[{"taxonomy":"product_brand","embeddable":true,"href":"https:\/\/www.gardonslesmeubl.es\/index.php?rest_route=%2Fwp%2Fv2%2Fproduct_brand&post=512"},{"taxonomy":"product_cat","embeddable":true,"href":"https:\/\/www.gardonslesmeubl.es\/index.php?rest_route=%2Fwp%2Fv2%2Fproduct_cat&post=512"},{"taxonomy":"product_tag","embeddable":true,"href":"https:\/\/www.gardonslesmeubl.es\/index.php?rest_route=%2Fwp%2Fv2%2Fproduct_tag&post=512"}],"curies":[{"name":"wp","href":"https:\/\/api.w.org\/{rel}","templated":true}]}}